= -3*b. Let g = b + 12. Let y(d) = d**2 + 4*d + 8. What is the units digit of y(g)?
0
Suppose -28*n + 30*n = -60. Let l = 48 + n. What is the units digit of l?
8
Let a(v) = -13*v + 8. Let f be a(7). What is the units digit of (-1 - (-2)/1)*-1*f?
3
Suppose 69*y + 52921 = 86*y. What is the units digit of y?
3
Suppose -y = -j + 18 + 2, -2 = -2*y. Suppose 0*g = g - j. What is the units digit of g?
1
Suppose 0 = 3*f - 44 - 25. Suppose o + 7 = f. What is the units digit of o?
6
Let n(s) = 9*s**2 - 19*s + 108. What is the tens digit of n(7)?
1
Let u(n) = 2*n**3 - 14*n**2 + 10*n + 21. Let l be u(6). Let c = -6 - -11. Suppose -149 = -c*m - l. What is the tens digit of m?
2
Let a(q) be the third derivative of -q**4/24 + q**3 + 3*q**2. Let c be a(0). What is the units digit of (9 - 6)*8/c?
4
Let l = 5760 + -1897. What is the units digit of l?
3
What is the tens digit of ((-33865)/13)/(6/(-6))?
0
Let p be 39*(-3 - (-20)/6). Suppose 116 = 4*y + 4*d, 7 = 3*y - 3*d - 56. Let i = p + y. What is the tens digit of i?
3
Let d be 6/(-39) + 164/52. Suppose -8*o + d*o = -330. What is the units digit of o?
6
Let o = 1182 - 418. What is the tens digit of o?
6
Suppose f = -4*f - 10, -4*f + 8 = 4*q. Suppose -q*x = -4*s - 56, -x + 3*x - s - 24 = 0. Let m = x - 6. What is the units digit of m?
4
Let t(u) = 3*u**2 - 2*u + 7. Suppose -6 + 0 = -k - 5*z, -3*k + 3*z + 18 = 0. What is the tens digit of t(k)?
0
Suppose -7*t - 204 - 559 = 0. Let d = t + 269. What is the hundreds digit of d?
1
Let n(u) = u**2 - 5*u + 1. Let m be n(5). Let z = 2 + m. Suppose -2*p = s - 36, -z*p + p + s = -28. What is the units digit of p?
6
Let n = 21 + 23. Suppose -n - 72 = -2*r. What is the units digit of r?
8
Let c = -451 + 2277. What is the tens digit of c?
2
Let j = 36 + -23. Suppose s - j = -2*n + 46, s + 5*n = 74. What is the units digit of s?
9
Suppose -4 = s + 2. Let x be (-7 + 10)/(s/(-10)). Suppose 5*f = -b - 2*b + 104, x*f + 4*b = 107. What is the units digit of f?
9
Let x = -10 - 24. Let h = -12 - -75. Let w = x + h. What is the tens digit of w?
2
Let n(o) = o**2 + 6*o - 4. Let w be n(-7). Suppose -q - 556 = -3*a - 2*a, -3*a + 348 = w*q. Suppose -5*x + a = -x. What is the tens digit of x?
2
Let a = 149 + -58. Suppose 2*o + k - a = -2*k, -2*o + 3*k + 61 = 0. What is the tens digit of o?
3
Let c be 12/(-10)*(-18 + 8). Let q = c - 8. Suppose -2*o + 8 = -q*d, -2 = -o - d + 4*d. What is the units digit of o?
8
Suppose i - 146 = 241. Let h = i - 227. What is the hundreds digit of h?
1
Let p = 7019 - 3488. What is the thousands digit of p?
3
Suppose -x + 1328 = 5*p + 498, p - 5*x - 140 = 0. What is the tens digit of p?
6
What is the hundreds digit of (-49 + -5605)*1/(-2)?
8
Suppose -l - 3*l - 4*a = -24, 5*l + 2*a - 27 = 0. Suppose 69 = l*g - 56. What is the units digit of g?
5
Suppose -2*a + 52 = -a. Let j = 139 - a. What is the units digit of j?
7
Suppose -49*b + 45*b + 6544 = 0. What is the tens digit of b?
3
What is the units digit of 1/(-10*(-13)/375180)?
6
Let s(j) = 4*j**3 - 14*j**2 + 5*j - 11. Let z be s(7). Suppose -2*n - 147 = -5*o + 747, 4*o = -n + z. What is the tens digit of o?
7
Let b be ((-78)/9)/(6/(-9)). Let f = b - -1. Let k = f - 10. What is the units digit of k?
4
Suppose 14*j - 2*y - 724 = 12*j, 3*j = -3*y + 1056. What is the units digit of j?
7
What is the units digit of (-204)/(-340)*(-1145)/(-3)?
9
Let g(t) = -t**2 - 12*t + 10. Let i(x) = -2 + 2*x + 5*x**2 - 4*x**2 - 5*x - 2*x**2. Let q be i(-4). What is the units digit of g(q)?
6
Suppose 4*n + 6 = 3*s - 5*s, -2*s + 5*n + 30 = 0. Suppose 0*b - 4*b - s*y = -993, -4*b + 985 = -3*y. What is the tens digit of b?
4
Suppose 2*g + g + z - 180 = 0, 0 = -3*g - 4*z + 180. Suppose -5*b - g = 3*m - m, m + 2*b = -28. Let l = m + 55. What is the tens digit of l?
3
Suppose 4*f - 614 = -162. What is the units digit of f?
3
Let t be 406/49 - (-2)/(-7). Suppose -t*b - 40 = -4*b. Let h = b + 46. What is the tens digit of h?
3
Let c(d) = -11*d - 3. Let u be c(-5). Suppose 49*h + 579 = u*h. What is the tens digit of h?
9
Suppose 3*l = 4*l - 110. Let v(b) = 14*b - 77. Let t be v(10). Let u = l - t. What is the units digit of u?
7
Let a(q) = q**2 - 16*q + 23. Let z be a(15). Suppose -9*k + 476 = z. What is the tens digit of k?
5
Let j = -6 - -9. Suppose -2*r - 101 = -c - 24, -52 = -c - j*r. What is the units digit of c?
7
Suppose -3*u = 8*u. Suppose 0*w + 189 = 2*w + 3*g, -2*w + 2*g + 184 = u. What is the tens digit of w?
9
Suppose 4*c = -24*v + 25*v - 1431, -3*v - c = -4345. What is the thousands digit of v?
1
Suppose -110*w = -103*w - 357. What is the units digit of w?
1
Suppose -4*o + 6*o = 222. What is the units digit of o/2 - (-3)/6?
6
Let j(w) = -w**3 - 5*w**2 + 10*w + 3. Let x(d) = -d**2 + 2*d + 7. Let m be x(5). Let u be j(m). Suppose -7*t = -25 - u. What is the units digit of t?
0
Let r(c) = 23*c + 8. Let t(n) = 1. Let m(b) = r(b) - 4*t(b). What is the tens digit of m(4)?
9
Suppose -3*x - 3798 = -3*k, 3*k = -0*x + 2*x + 3795. What is the tens digit of k?
6
Let i = -381 + 63. What is the tens digit of (3*-1)/(18/i)?
5
Let t(q) = q**3 + 4*q**2 + 2*q - 1. Let b be t(-3). Suppose -g - b = -53. Let a = g - 34. What is the tens digit of a?
1
Let o be -4 - (-3 - (-1 - -3)). Let p(f) = 67*f**3 + f - 2. What is the units digit of p(o)?
6
Let c be (4*3/18)/(1/12). What is the units digit of ((-1683)/(-22))/(6/c)?
2
Suppose 20304 = -26*y + 62*y. What is the tens digit of y?
6
Let m be 3 - 0 - (-1 - 2). Suppose -4*o - 2*g + 10 = 0, 0 = -5*o - 2*g + 9 + m. Let l = o - 4. What is the units digit of l?
1
Let u = 7 - 4. Suppose 2*s - u*z - 13 + 3 = 0, -z - 12 = -5*s. Suppose -d - s*d = -4*x + 264, d = -4*x + 248. What is the units digit of x?
3
Let d(i) = -5*i**3 - 9*i**2 + 9*i + 11. Let z(g) = 3*g**3 + 4*g**2 - 5*g - 5. Let m(a) = -4*d(a) - 7*z(a). What is the tens digit of m(6)?
5
Let k(h) = 2*h**2 + 24*h - 2. What is the hundreds digit of k(-23)?
5
Suppose -868 = -5*k + 3*s, -s - 884 = -5*k - 2*s. What is the units digit of k/8 - -4*1?
6
What is the tens digit of 14/(31/168 - (-5)/(-35))?
3
Suppose -5*k + 1240 = -a - 1244, k - 4*a - 512 = 0. What is the tens digit of k?
9
Suppose 22 = 2*f + 10. Suppose -21 - 15 = -f*i. Suppose 38 = -i*r + 146. What is the units digit of r?
8
What is the units digit of (228390/(-20))/(-23) + 2/(-4)?
6
Suppose 0 = -2*l + 4*q + 14 - 2, -5*q = -l + 15. Suppose l = m + 3, -v + 84 = -8*m + 3*m. Suppose -3*u + v = u + 3*j, j + 12 = u. What is the units digit of u?
5
Let a be 5 + -1 - (-111)/(3 + -6). What is the tens digit of 20/(24/a*2/(-8))?
1
Let n(a) = a**3 + 6*a**2 + a + 4. Let k be n(-6). What is the units digit of 3 + 0/k + 15?
8
Let o(i) = i**3 + 0 - 16*i**2 + 11*i - 3 + 4*i**2 - 1. Let f be o(11). What is the units digit of f/(-32)*4*6?
3
Let t be 1 + (-3 - -2 - 2). Let c = t + 7. Suppose 57 = 3*l - r, 0*l - 3*r + 81 = c*l. What is the tens digit of l?
1
Let l = -38 - -27. Let q(n) = -6*n**2 - 30*n + 55. Let x(w) = w**2 + 6*w - 11. Let y(p) = l*x(p) - 2*q(p). What is the tens digit of y(7)?
1
Suppose 11 + 9 = 4*v. Suppose -2*i - 2*i + n = -17, v*i - 2*n - 25 = 0. What is the units digit of 1/i*714/14?
7
Let a = 349 + -362. Let q(z) = z**3 + 5*z**2 - 4. Let v be q(-4). Let k = v - a. What is the tens digit of k?
2
Let c be 6/(-4)*1*(2 + -36). Suppose -r = 3*w - c, -5*w + r + 2*r = -71. What is the units digit of w?
6
Let p(x) = -58*x - 110. What is the tens digit of p(-17)?
7
Suppose 0 = -r + 6*r - 15. Suppose r*z = -2*i - 0*i + 86, -2*z = 0. Let t = -22 + i. What is the units digit of t?
1
Let o = 9 - -3. Let u be (-3)/(45/o - 3). Let v(m) = -m**3 - 5*m**2 - 7*m - 4. What is the units digit of v(u)?
8
What is the tens digit of (247 - -7)*(0 - -2)?
0
Let y(r) = -r**2 - r + 370. Let h be y(0). Let c = h + -221. What is the units digit of c/3 + (-1)/(-3)?
0
Suppose 27*t - 28*t - 1 = 0. Let b(d) = 60*d**2 + d + 1. What is the tens digit of b(t)?
6
Let o(d) = 2*d**2 - 17*d - 15. Let m(w) = -w**2 + 8*w + 8. Let s(t) = 9*m(t) + 4*o(t). Let q be s(6). What is the units digit of (3 - (2 + q))*53?
3
Suppose -5*m + 979 = -4*i, 0 = -4*m + 2*m - 3*i + 387. Suppose -3*c - j - m = 2*j, -j + 295 = -5*c. What is the tens digit of ((-48)/20)/(8/c)?
1
Let t = -3242 - -7392. What is the tens digit of t?
5
Let w = 55 + -36. S